{"id":4247,"date":"2024-11-25T10:12:11","date_gmt":"2024-11-25T09:12:11","guid":{"rendered":"https:\/\/www.franchementforts.fr\/events\/spectacle-itinerant-aux-defenseurs-de-belfort-2\/"},"modified":"2024-11-25T10:12:31","modified_gmt":"2024-11-25T09:12:31","slug":"spectacle-itinerant-aux-defenseurs-de-belfort-2","status":"publish","type":"mec-events","link":"https:\/\/www.franchementforts.fr\/en\/events\/spectacle-itinerant-aux-defenseurs-de-belfort-2\/","title":{"rendered":"SPECTACLE ITINERANT : Aux d\u00e9fenseurs de Belfort"},"content":{"rendered":"<p style=\"font-weight: 300;\">En moins d\u2019une heure, plongez dans l\u2019histoire du si\u00e8ge de Belfort de 1870-1871 et assistez \u00e0 la diffusion de sa m\u00e9moire \u00e0 travers des anecdotes concernant le colonel Denfert-Rochereau, le peintre Alphonse de Neuville, l\u2019incontournable Auguste Bartholdi et son Lion de Belfort et bien plus encore. \u00c9motion assur\u00e9e !<\/p>\n<p style=\"font-weight: 300;\"><i><em>Gratuit \u2022 \u00c0 partir de 10 ans \u2022 Com\u00e9dien intervenant : Christian Waldner\u00a0<\/em><\/i><\/p>\n<p style=\"font-weight: 300;\"><i><em>Sur r\u00e9servation \u00e0 partir du lundi 4 novembre au 03 84 54 56 40 ou par mail mediationmusees@mairie-belfort.fr<\/em><\/i><\/p>\n<p style=\"font-weight: 300;\"><i><em>Pr\u00e9sence d&#8217;au moins un accompagnateur adulte obligatoire pour les mineurs.<\/em><\/i><\/p>\n<p style=\"font-weight: 300;\"><i><em>Spectacle propos\u00e9 \u00e0 l\u2019int\u00e9rieur dans la limite de la jauge autoris\u00e9e.<\/em><\/i><\/p>\n","protected":false},"excerpt":{"rendered":"<p>En moins d\u2019une heure, plongez dans l\u2019histoire du si\u00e8ge de Belfort de 1870-1871 !<\/p>\n","protected":false},"author":4,"featured_media":4248,"comment_status":"closed","ping_status":"closed","template":"","meta":{"mec_start_date":"2024-12-29","mec_start_time_hour":"3","mec_start_time_minutes":"0","mec_start_time_ampm":"PM","mec_end_date":"2024-12-29","mec_end_time_hour":"6","mec_end_time_minutes":"0","mec_end_time_ampm":"PM"},"tags":[],"mec_category":[135,136],"mec_location":[137],"class_list":["post-4247","mec-events","type-mec-events","status-publish","has-post-thumbnail","hentry","mec_category-visite-guidee-en","mec_category-visite-thematique-en"],"acf":[],"yoast_head":"<!-- This site is optimized with the Yoast SEO plugin v27.4 - https:\/\/yoast.com\/product\/yoast-seo-wordpress\/ -->\n<title>SPECTACLE ITINERANT : Aux d\u00e9fenseurs de Belfort - Franchement Forts<\/title>\n<meta name=\"robots\" content=\"index, follow, max-snippet:-1, max-image-preview:large, max-video-preview:-1\" \/>\n<link rel=\"canonical\" href=\"https:\/\/www.franchementforts.fr\/en\/events\/spectacle-itinerant-aux-defenseurs-de-belfort-2\/\" \/>\n<meta property=\"og:locale\" content=\"en_US\" \/>\n<meta property=\"og:type\" content=\"article\" \/>\n<meta property=\"og:title\" content=\"SPECTACLE ITINERANT : Aux d\u00e9fenseurs de Belfort - Franchement Forts\" \/>\n<meta property=\"og:description\" content=\"En moins d\u2019une heure, plongez dans l\u2019histoire du si\u00e8ge de Belfort de 1870-1871 !\" \/>\n<meta property=\"og:url\" content=\"https:\/\/www.franchementforts.fr\/en\/events\/spectacle-itinerant-aux-defenseurs-de-belfort-2\/\" \/>\n<meta property=\"og:site_name\" content=\"Franchement Forts\" \/>\n<meta property=\"article:modified_time\" content=\"2024-11-25T09:12:31+00:00\" \/>\n<meta property=\"og:image\" content=\"https:\/\/www.franchementforts.fr\/wp-content\/uploads\/2023\/06\/csm_DSC_5879_28148241ff.jpg\" \/>\n\t<meta property=\"og:image:width\" content=\"300\" \/>\n\t<meta property=\"og:image:height\" content=\"200\" \/>\n\t<meta property=\"og:image:type\" content=\"image\/jpeg\" \/>\n<meta name=\"twitter:card\" content=\"summary_large_image\" \/>\n<meta name=\"twitter:label1\" content=\"Est. reading time\" \/>\n\t<meta name=\"twitter:data1\" content=\"1 minute\" \/>\n<script type=\"application\/ld+json\" class=\"yoast-schema-graph\">{\"@context\":\"https:\\\/\\\/schema.org\",\"@graph\":[{\"@type\":\"WebPage\",\"@id\":\"https:\\\/\\\/www.franchementforts.fr\\\/en\\\/events\\\/spectacle-itinerant-aux-defenseurs-de-belfort-2\\\/\",\"url\":\"https:\\\/\\\/www.franchementforts.fr\\\/en\\\/events\\\/spectacle-itinerant-aux-defenseurs-de-belfort-2\\\/\",\"name\":\"SPECTACLE ITINERANT : Aux d\u00e9fenseurs de Belfort - Franchement Forts\",\"isPartOf\":{\"@id\":\"https:\\\/\\\/www.franchementforts.fr\\\/#website\"},\"primaryImageOfPage\":{\"@id\":\"https:\\\/\\\/www.franchementforts.fr\\\/en\\\/events\\\/spectacle-itinerant-aux-defenseurs-de-belfort-2\\\/#primaryimage\"},\"image\":{\"@id\":\"https:\\\/\\\/www.franchementforts.fr\\\/en\\\/events\\\/spectacle-itinerant-aux-defenseurs-de-belfort-2\\\/#primaryimage\"},\"thumbnailUrl\":\"https:\\\/\\\/www.franchementforts.fr\\\/wp-content\\\/uploads\\\/2023\\\/06\\\/csm_DSC_5879_28148241ff.jpg\",\"datePublished\":\"2024-11-25T09:12:11+00:00\",\"dateModified\":\"2024-11-25T09:12:31+00:00\",\"breadcrumb\":{\"@id\":\"https:\\\/\\\/www.franchementforts.fr\\\/en\\\/events\\\/spectacle-itinerant-aux-defenseurs-de-belfort-2\\\/#breadcrumb\"},\"inLanguage\":\"en-US\",\"potentialAction\":[{\"@type\":\"ReadAction\",\"target\":[\"https:\\\/\\\/www.franchementforts.fr\\\/en\\\/events\\\/spectacle-itinerant-aux-defenseurs-de-belfort-2\\\/\"]}]},{\"@type\":\"ImageObject\",\"inLanguage\":\"en-US\",\"@id\":\"https:\\\/\\\/www.franchementforts.fr\\\/en\\\/events\\\/spectacle-itinerant-aux-defenseurs-de-belfort-2\\\/#primaryimage\",\"url\":\"https:\\\/\\\/www.franchementforts.fr\\\/wp-content\\\/uploads\\\/2023\\\/06\\\/csm_DSC_5879_28148241ff.jpg\",\"contentUrl\":\"https:\\\/\\\/www.franchementforts.fr\\\/wp-content\\\/uploads\\\/2023\\\/06\\\/csm_DSC_5879_28148241ff.jpg\",\"width\":300,\"height\":200},{\"@type\":\"BreadcrumbList\",\"@id\":\"https:\\\/\\\/www.franchementforts.fr\\\/en\\\/events\\\/spectacle-itinerant-aux-defenseurs-de-belfort-2\\\/#breadcrumb\",\"itemListElement\":[{\"@type\":\"ListItem\",\"position\":1,\"name\":\"Accueil\",\"item\":\"https:\\\/\\\/www.franchementforts.fr\\\/\"},{\"@type\":\"ListItem\",\"position\":2,\"name\":\"\u00c9venements\",\"item\":\"https:\\\/\\\/www.franchementforts.fr\\\/events\\\/\"},{\"@type\":\"ListItem\",\"position\":3,\"name\":\"SPECTACLE ITINERANT : Aux d\u00e9fenseurs de Belfort\"}]},{\"@type\":\"WebSite\",\"@id\":\"https:\\\/\\\/www.franchementforts.fr\\\/#website\",\"url\":\"https:\\\/\\\/www.franchementforts.fr\\\/\",\"name\":\"Franchement Forts\",\"description\":\"\",\"publisher\":{\"@id\":\"https:\\\/\\\/www.franchementforts.fr\\\/#organization\"},\"potentialAction\":[{\"@type\":\"SearchAction\",\"target\":{\"@type\":\"EntryPoint\",\"urlTemplate\":\"https:\\\/\\\/www.franchementforts.fr\\\/?s={search_term_string}\"},\"query-input\":{\"@type\":\"PropertyValueSpecification\",\"valueRequired\":true,\"valueName\":\"search_term_string\"}}],\"inLanguage\":\"en-US\"},{\"@type\":\"Organization\",\"@id\":\"https:\\\/\\\/www.franchementforts.fr\\\/#organization\",\"name\":\"Franchement forts\",\"url\":\"https:\\\/\\\/www.franchementforts.fr\\\/\",\"logo\":{\"@type\":\"ImageObject\",\"inLanguage\":\"en-US\",\"@id\":\"https:\\\/\\\/www.franchementforts.fr\\\/#\\\/schema\\\/logo\\\/image\\\/\",\"url\":\"https:\\\/\\\/www.franchementforts.fr\\\/wp-content\\\/uploads\\\/2023\\\/04\\\/LogoCNFC.png\",\"contentUrl\":\"https:\\\/\\\/www.franchementforts.fr\\\/wp-content\\\/uploads\\\/2023\\\/04\\\/LogoCNFC.png\",\"width\":600,\"height\":567,\"caption\":\"Franchement forts\"},\"image\":{\"@id\":\"https:\\\/\\\/www.franchementforts.fr\\\/#\\\/schema\\\/logo\\\/image\\\/\"}}]}<\/script>\n<!-- \/ Yoast SEO plugin. -->","yoast_head_json":{"title":"SPECTACLE ITINERANT : Aux d\u00e9fenseurs de Belfort - Franchement Forts","robots":{"index":"index","follow":"follow","max-snippet":"max-snippet:-1","max-image-preview":"max-image-preview:large","max-video-preview":"max-video-preview:-1"},"canonical":"https:\/\/www.franchementforts.fr\/en\/events\/spectacle-itinerant-aux-defenseurs-de-belfort-2\/","og_locale":"en_US","og_type":"article","og_title":"SPECTACLE ITINERANT : Aux d\u00e9fenseurs de Belfort - Franchement Forts","og_description":"En moins d\u2019une heure, plongez dans l\u2019histoire du si\u00e8ge de Belfort de 1870-1871 !","og_url":"https:\/\/www.franchementforts.fr\/en\/events\/spectacle-itinerant-aux-defenseurs-de-belfort-2\/","og_site_name":"Franchement Forts","article_modified_time":"2024-11-25T09:12:31+00:00","og_image":[{"width":300,"height":200,"url":"https:\/\/www.franchementforts.fr\/wp-content\/uploads\/2023\/06\/csm_DSC_5879_28148241ff.jpg","type":"image\/jpeg"}],"twitter_card":"summary_large_image","twitter_misc":{"Est. reading time":"1 minute"},"schema":{"@context":"https:\/\/schema.org","@graph":[{"@type":"WebPage","@id":"https:\/\/www.franchementforts.fr\/en\/events\/spectacle-itinerant-aux-defenseurs-de-belfort-2\/","url":"https:\/\/www.franchementforts.fr\/en\/events\/spectacle-itinerant-aux-defenseurs-de-belfort-2\/","name":"SPECTACLE ITINERANT : Aux d\u00e9fenseurs de Belfort - Franchement Forts","isPartOf":{"@id":"https:\/\/www.franchementforts.fr\/#website"},"primaryImageOfPage":{"@id":"https:\/\/www.franchementforts.fr\/en\/events\/spectacle-itinerant-aux-defenseurs-de-belfort-2\/#primaryimage"},"image":{"@id":"https:\/\/www.franchementforts.fr\/en\/events\/spectacle-itinerant-aux-defenseurs-de-belfort-2\/#primaryimage"},"thumbnailUrl":"https:\/\/www.franchementforts.fr\/wp-content\/uploads\/2023\/06\/csm_DSC_5879_28148241ff.jpg","datePublished":"2024-11-25T09:12:11+00:00","dateModified":"2024-11-25T09:12:31+00:00","breadcrumb":{"@id":"https:\/\/www.franchementforts.fr\/en\/events\/spectacle-itinerant-aux-defenseurs-de-belfort-2\/#breadcrumb"},"inLanguage":"en-US","potentialAction":[{"@type":"ReadAction","target":["https:\/\/www.franchementforts.fr\/en\/events\/spectacle-itinerant-aux-defenseurs-de-belfort-2\/"]}]},{"@type":"ImageObject","inLanguage":"en-US","@id":"https:\/\/www.franchementforts.fr\/en\/events\/spectacle-itinerant-aux-defenseurs-de-belfort-2\/#primaryimage","url":"https:\/\/www.franchementforts.fr\/wp-content\/uploads\/2023\/06\/csm_DSC_5879_28148241ff.jpg","contentUrl":"https:\/\/www.franchementforts.fr\/wp-content\/uploads\/2023\/06\/csm_DSC_5879_28148241ff.jpg","width":300,"height":200},{"@type":"BreadcrumbList","@id":"https:\/\/www.franchementforts.fr\/en\/events\/spectacle-itinerant-aux-defenseurs-de-belfort-2\/#breadcrumb","itemListElement":[{"@type":"ListItem","position":1,"name":"Accueil","item":"https:\/\/www.franchementforts.fr\/"},{"@type":"ListItem","position":2,"name":"\u00c9venements","item":"https:\/\/www.franchementforts.fr\/events\/"},{"@type":"ListItem","position":3,"name":"SPECTACLE ITINERANT : Aux d\u00e9fenseurs de Belfort"}]},{"@type":"WebSite","@id":"https:\/\/www.franchementforts.fr\/#website","url":"https:\/\/www.franchementforts.fr\/","name":"Franchement Forts","description":"","publisher":{"@id":"https:\/\/www.franchementforts.fr\/#organization"},"potentialAction":[{"@type":"SearchAction","target":{"@type":"EntryPoint","urlTemplate":"https:\/\/www.franchementforts.fr\/?s={search_term_string}"},"query-input":{"@type":"PropertyValueSpecification","valueRequired":true,"valueName":"search_term_string"}}],"inLanguage":"en-US"},{"@type":"Organization","@id":"https:\/\/www.franchementforts.fr\/#organization","name":"Franchement forts","url":"https:\/\/www.franchementforts.fr\/","logo":{"@type":"ImageObject","inLanguage":"en-US","@id":"https:\/\/www.franchementforts.fr\/#\/schema\/logo\/image\/","url":"https:\/\/www.franchementforts.fr\/wp-content\/uploads\/2023\/04\/LogoCNFC.png","contentUrl":"https:\/\/www.franchementforts.fr\/wp-content\/uploads\/2023\/04\/LogoCNFC.png","width":600,"height":567,"caption":"Franchement forts"},"image":{"@id":"https:\/\/www.franchementforts.fr\/#\/schema\/logo\/image\/"}}]}},"_links":{"self":[{"href":"https:\/\/www.franchementforts.fr\/en\/wp-json\/wp\/v2\/mec-events\/4247","targetHints":{"allow":["GET"]}}],"collection":[{"href":"https:\/\/www.franchementforts.fr\/en\/wp-json\/wp\/v2\/mec-events"}],"about":[{"href":"https:\/\/www.franchementforts.fr\/en\/wp-json\/wp\/v2\/types\/mec-events"}],"author":[{"embeddable":true,"href":"https:\/\/www.franchementforts.fr\/en\/wp-json\/wp\/v2\/users\/4"}],"replies":[{"embeddable":true,"href":"https:\/\/www.franchementforts.fr\/en\/wp-json\/wp\/v2\/comments?post=4247"}],"wp:featuredmedia":[{"embeddable":true,"href":"https:\/\/www.franchementforts.fr\/en\/wp-json\/wp\/v2\/media\/4248"}],"wp:attachment":[{"href":"https:\/\/www.franchementforts.fr\/en\/wp-json\/wp\/v2\/media?parent=4247"}],"wp:term":[{"taxonomy":"post_tag","embeddable":true,"href":"https:\/\/www.franchementforts.fr\/en\/wp-json\/wp\/v2\/tags?post=4247"},{"taxonomy":"mec_category","embeddable":true,"href":"https:\/\/www.franchementforts.fr\/en\/wp-json\/wp\/v2\/mec_category?post=4247"},{"taxonomy":"mec_location","embeddable":true,"href":"https:\/\/www.franchementforts.fr\/en\/wp-json\/wp\/v2\/mec_location?post=4247"}],"curies":[{"name":"wp","href":"https:\/\/api.w.org\/{rel}","templated":true}]}}

SPECTACLE ITINERANT : Aux défenseurs de Belfort

<p style="font-weight: 300;">En moins d’une heure, plongez dans l’histoire du siège de Belfort de 1870-1871 et assistez à la diffusion de sa mémoire à travers des anecdotes concernant le colonel Denfert-Rochereau, le peintre Alphonse de Neuville, l’incontournable Auguste Bartholdi et son Lion de Belfort et bien plus encore. Émotion assurée !</p>
<p style="font-weight: 300;"><i><em>Gratuit • À partir de 10 ans • Comédien intervenant : Christian Waldner </em></i></p>
<p style="font-weight: 300;"><i><em>Sur réservation à partir du lundi 4 novembre au 03 84 54 56 40 ou par mail mediationmusees@mairie-belfort.fr</em></i></p>
<p style="font-weight: 300;"><i><em>Présence d&#8217;au moins un accompagnateur adulte obligatoire pour les mineurs.</em></i></p>
<p style="font-weight: 300;"><i><em>Spectacle proposé à l’intérieur dans la limite de la jauge autorisée.</em></i></p>

<p>En moins d’une heure, plongez dans l’histoire du siège de Belfort de 1870-1871 !</p>

<!-- This site is optimized with the Yoast SEO plugin v27.4 - https://yoast.com/product/yoast-seo-wordpress/ -->
<title>SPECTACLE ITINERANT : Aux défenseurs de Belfort - Franchement Forts</title>
<meta name="robots" content="index, follow, max-snippet:-1, max-image-preview:large, max-video-preview:-1" />
<link rel="canonical" href="https://www.franchementforts.fr/en/events/spectacle-itinerant-aux-defenseurs-de-belfort-2/" />
<meta property="og:locale" content="en_US" />
<meta property="og:type" content="article" />
<meta property="og:title" content="SPECTACLE ITINERANT : Aux défenseurs de Belfort - Franchement Forts" />
<meta property="og:description" content="En moins d’une heure, plongez dans l’histoire du siège de Belfort de 1870-1871 !" />
<meta property="og:url" content="https://www.franchementforts.fr/en/events/spectacle-itinerant-aux-defenseurs-de-belfort-2/" />
<meta property="og:site_name" content="Franchement Forts" />
<meta property="article:modified_time" content="2024-11-25T09:12:31+00:00" />
<meta property="og:image" content="https://www.franchementforts.fr/wp-content/uploads/2023/06/csm_DSC_5879_28148241ff.jpg" />
	<meta property="og:image:width" content="300" />
	<meta property="og:image:height" content="200" />
	<meta property="og:image:type" content="image/jpeg" />
<meta name="twitter:card" content="summary_large_image" />
<meta name="twitter:label1" content="Est. reading time" />
	<meta name="twitter:data1" content="1 minute" />
<script type="application/ld+json" class="yoast-schema-graph">{"@context":"https:\/\/schema.org","@graph":[{"@type":"WebPage","@id":"https:\/\/www.franchementforts.fr\/en\/events\/spectacle-itinerant-aux-defenseurs-de-belfort-2\/","url":"https:\/\/www.franchementforts.fr\/en\/events\/spectacle-itinerant-aux-defenseurs-de-belfort-2\/","name":"SPECTACLE ITINERANT : Aux défenseurs de Belfort - Franchement Forts","isPartOf":{"@id":"https:\/\/www.franchementforts.fr\/#website"},"primaryImageOfPage":{"@id":"https:\/\/www.franchementforts.fr\/en\/events\/spectacle-itinerant-aux-defenseurs-de-belfort-2\/#primaryimage"},"image":{"@id":"https:\/\/www.franchementforts.fr\/en\/events\/spectacle-itinerant-aux-defenseurs-de-belfort-2\/#primaryimage"},"thumbnailUrl":"https:\/\/www.franchementforts.fr\/wp-content\/uploads\/2023\/06\/csm_DSC_5879_28148241ff.jpg","datePublished":"2024-11-25T09:12:11+00:00","dateModified":"2024-11-25T09:12:31+00:00","breadcrumb":{"@id":"https:\/\/www.franchementforts.fr\/en\/events\/spectacle-itinerant-aux-defenseurs-de-belfort-2\/#breadcrumb"},"inLanguage":"en-US","potentialAction":[{"@type":"ReadAction","target":["https:\/\/www.franchementforts.fr\/en\/events\/spectacle-itinerant-aux-defenseurs-de-belfort-2\/"]}]},{"@type":"ImageObject","inLanguage":"en-US","@id":"https:\/\/www.franchementforts.fr\/en\/events\/spectacle-itinerant-aux-defenseurs-de-belfort-2\/#primaryimage","url":"https:\/\/www.franchementforts.fr\/wp-content\/uploads\/2023\/06\/csm_DSC_5879_28148241ff.jpg","contentUrl":"https:\/\/www.franchementforts.fr\/wp-content\/uploads\/2023\/06\/csm_DSC_5879_28148241ff.jpg","width":300,"height":200},{"@type":"BreadcrumbList","@id":"https:\/\/www.franchementforts.fr\/en\/events\/spectacle-itinerant-aux-defenseurs-de-belfort-2\/#breadcrumb","itemListElement":[{"@type":"ListItem","position":1,"name":"Accueil","item":"https:\/\/www.franchementforts.fr\/"},{"@type":"ListItem","position":2,"name":"Évenements","item":"https:\/\/www.franchementforts.fr\/events\/"},{"@type":"ListItem","position":3,"name":"SPECTACLE ITINERANT : Aux défenseurs de Belfort"}]},{"@type":"WebSite","@id":"https:\/\/www.franchementforts.fr\/#website","url":"https:\/\/www.franchementforts.fr\/","name":"Franchement Forts","description":"","publisher":{"@id":"https:\/\/www.franchementforts.fr\/#organization"},"potentialAction":[{"@type":"SearchAction","target":{"@type":"EntryPoint","urlTemplate":"https:\/\/www.franchementforts.fr\/?s={search_term_string}"},"query-input":{"@type":"PropertyValueSpecification","valueRequired":true,"valueName":"search_term_string"}}],"inLanguage":"en-US"},{"@type":"Organization","@id":"https:\/\/www.franchementforts.fr\/#organization","name":"Franchement forts","url":"https:\/\/www.franchementforts.fr\/","logo":{"@type":"ImageObject","inLanguage":"en-US","@id":"https:\/\/www.franchementforts.fr\/#\/schema\/logo\/image\/","url":"https:\/\/www.franchementforts.fr\/wp-content\/uploads\/2023\/04\/LogoCNFC.png","contentUrl":"https:\/\/www.franchementforts.fr\/wp-content\/uploads\/2023\/04\/LogoCNFC.png","width":600,"height":567,"caption":"Franchement forts"},"image":{"@id":"https:\/\/www.franchementforts.fr\/#\/schema\/logo\/image\/"}}]}</script>
<!-- / Yoast SEO plugin. -->

SPECTACLE ITINERANT : Aux défenseurs de Belfort - Franchement Forts

En moins d’une heure, plongez dans l’histoire du siège de Belfort de 1870-1871 !

Évenements
